r when 1285719 is divided by 7791.
204
What is the remainder when 31101 is divided by 7764?
45
Calculate the remainder when 32706182 is divided by 5024.
4966
What is the remainder when 34718119 is divided by 113?
112
Calculate the remainder when 4384315 is divided by 88.
67
What is the remainder when 190904 is divided by 557?
410
What is the remainder when 280110 is divided by 617?
609
Calculate the remainder when 249089 is divided by 138.
137
What is the remainder when 1326077698 is divided by 12?
10
What is the remainder when 557797 is divided by 69145?
4637
Calculate the remainder when 48810 is divided by 1715.
790
What is the remainder when 3851999 is divided by 3851993?
6
What is the remainder when 16239 is divided by 8101?
37
Calculate the remainder when 15070509 is divided by 70.
69
What is the remainder when 2731800 is divided by 233?
108
Calculate the remainder when 1908382 is divided by 2778.
2674
Calculate the remainder when 489296 is divided by 7.
3
Calculate the remainder when 1952794 is divided by 595.
4
What is the remainder when 6679131 is divided by 1386?
1383
Calculate the remainder when 35562978 is divided by 7114.
92
What is the remainder when 17468328 is divided by 327?
315
What is the remainder when 10603514 is divided by 182819?
12
What is the remainder when 83907202 is divided by 1829?
1827
What is the remainder when 248201 is divided by 351?
44
What is the remainder when 5014989 is divided by 2500?
2489
Calculate the remainder when 147857 is divided by 147604.
253
What is the remainder when 100097 is divided by 100061?
36
What is the remainder when 348495 is divided by 348490?
5
What is the remainder when 3352113 is divided by 1430?
193
What is the remainder when 760069 is divided by 206?
135
Calculate the remainder when 7986358 is divided by 52.
42
Calculate the remainder when 408077 is divided by 288.
269
Calculate the remainder when 10310453 is divided by 1212.
1181
Calculate the remainder when 7067988 is divided by 1865.
1503
Calculate the remainder when 6296202 is divided by 6296144.
58
What is the remainder when 104271 is divided by 17376?
15
What is the remainder when 14360 is divided by 6988?
384
What is the remainder when 21986597 is divided by 2350?
2347
What is the remainder when 301086 is divided by 21506?
2
What is the remainder when 31211133 is divided by 96?
93
Calculate the remainder when 1238921755 is divided by 131.
128
Calculate the remainder when 47925759 is divided by 640.
639
Calculate the remainder when 97020985 is divided by 1418.
7
Calculate the remainder when 42116529 is divided by 10.
9
What is the remainder when 25474451 is divided by 12737221?
9
Calculate the remainder when 12117418 is divided by 1630.
1628
What is the remainder when 603565 is divided by 43051?
851
Calculate the remainder when 1513656 is divided by 2747.
59
What is the remainder when 26089 is divided by 12204?
1681
Calculate the remainder when 665472 is divided by 4466.
38
Calculate the remainder when 324344209 is divided by 19.
16
What is the remainder when 108823361 is divided by 47?
31
Calculate the remainder when 206409 is divided by 67807.
2988
What is the remainder when 31865 is divided by 31853?
12
What is the remainder when 325916 is divided by 46427?
927
Calculate the remainder when 159888188 is divided by 456.
452
What is the remainder when 41917828 is divided by 13972599?
31
Calculate the remainder when 474218 is divided by 37.
26
What is the remainder when 6733115 is divided by 534?
443
Calculate the remainder when 3153928 is divided by 394227.
112
What is the remainder when 2619433 is divided by 815?
23
What is the remainder when 561256437 is divided by 12?
9
Calculate the remainder when 9126 is divided by 2769.
819
What is the remainder when 9297 is divided by 8103?
1194
Calculate the remainder when 5285560 is divided by 244.
32
Calculate the remainder when 22534993 is divided by 2253499.
3
What is the remainder when 121799 is divided by 5058?
407
What is the remainder when 791125 is divided by 11634?
13
What is the remainder when 205852462 is divided by 25731556?
14
Calculate the remainder when 194213 is divided by 12987.
12395
What is the remainder when 6705 is divided by 4924?
1781
What is the remainder when 939102 is divided by 4119?
4089
Calculate the remainder when 4765214 is divided by 39.
38
Calculate the remainder when 963859 is divided by 103.
88
What is the remainder when 58202763 is divided by 208?
203
Calculate the remainder when 14997 is divided by 3710.
157
What is the remainder when 6166126 is divided by 7875?
1
What is the remainder when 126513 is divided by 981?
945
What is the remainder when 165679 is divided by 3255?
2929
What is the remainder when 14547 is divided by 2216?
1251
What is the remainder when 7123 is divided by 397?
374
Calculate the remainder when 1459136 is divided by 486355.
71
What is the remainder when 150673 is divided by 205?
203
What is the remainder when 9861 is divided by 423?
132
Calculate the remainder when 1143627 is divided by 2570.
2547
Calculate the remainder when 1157140 is divided by 5617.
38
Calculate the remainder when 8713824 is divided by 356.
12
Calculate the remainder when 6066095 is divided by 48.
47
What is the remainder when 20005888 is divided by 465253?
9
Calculate the remainder when 749325 is divided by 1926.
111
Calculate the remainder when 2820883 is divided by 3589.
3518
What is the remainder when 751941 is divided by 375887?
167
What is the remainder when 1433525 is divided by 80?
5
What is the remainder when 30227 is divided by 382?
49
What is the remainder when 1838532 is divided by 131323?
10
Calculate the remainder when 90470 is divided by 8846.
2010
What is the remainder when 26659 is divided by 8800?
259
Calculate the remainder when 47074604 is divided by 15.
14
Calculate the remainder when 233138 is divided by 231407.
1731
Calculate the remainder when 187760979 is divided by 586753.
19
Calculate the remainder when 1194620 is divided by 216.
140
What is the remainder when 115414225 is divided by 49534?
5
Calculate the remainder when 2716875 is divided by 1004.
51
Calculate the remainder when 1150243 is divided by 2319.
19
Calculate the remainder when 456242 is divided by 3933.
14
What is the remainder when 7956072 is divided by 48?
24
What is the remainder when 47391840 is divided by 23695920?
0
Calculate the remainder when 24097762 is divided by 430317.
10
What is the remainder when 5662122 is divided by 7131?
108
Calculate the remainder when 50510977 is divided by 2557.
2556
What is the remainder when 31247 is divided by 4438?
181
What is the remainder when 31094 is divided by 730?
434
What is the remainder when 263664 is divided by 3135?
324
Calculate the remainder when 60851006 is divided by 1541.
1539
Calculate the remainder when 7391288 is divided by 670.
518
What is the remainder when 237626289 is divided by 58?
57
What is the remainder when 9288013 is divided by 2931?
2605
What is the remainder when 197962 is divided by 615?
547
What is the remainder when 5621714 is divided by 2845?
2839
What is the remainder when 12751 is divided by 12504?
247
Calculate the remainder when 76967 is divided by 3335.
262
What is the remainder when 444275044 is divided by 7135?
7134
Calculate the remainder when 614986 is divided by 61.
45
What is the remainder when 7571066 is divided by 13841?
39
Calculate the remainder when 3868 is divided by 1948.
1920
Calculate the remainder when 9158 is divided by 4186.
786
Calculate the remainder when 10733610 is divided by 315689.
184
What is the remainder when 22462 is divided by 3736?
46
What is the remainder when 12376 is divided by 8456?
3920
Calculate the remainder when 196637 is divided by 3214.
583
What is the remainder when 1029863 is divided by 271?
63
What is the remainder when 6845 is divided by 55?
25
Calculate the remainder when 1480411 is divided by 246623.
673
What is the remainder when 66484 is divided by 989?
221
What is the remainder when 975000 is divided by 194984?
80
Calculate the remainder when 866318 is divided by 178.
170
Calculate the remainder when 43385 is divided by 20139.
3107
What is the remainder when 32933027 is divided by 122?
103
What is the remainder when 5302 is divided 